{"id":99,"date":"2025-04-15T10:33:21","date_gmt":"2025-04-15T08:33:21","guid":{"rendered":"https:\/\/lorcanerds.tabascoeye.de\/?page_id=99"},"modified":"2025-06-23T08:47:07","modified_gmt":"2025-06-23T06:47:07","slug":"themed-fun-deck-turnier","status":"publish","type":"page","link":"https:\/\/lorcanerds.raumzeitlabor.de\/?page_id=99","title":{"rendered":"Themed Fun Deck Turnier"},"content":{"rendered":"<figure class=\"alignfull wp-block-post-featured-image\"><img loading=\"lazy\" decoding=\"async\" width=\"2560\" height=\"1440\" src=\"https:\/\/lorcanerds.raumzeitlabor.de\/wp-content\/uploads\/2025\/04\/Teppich_Trim-scaled.jpg\" class=\"attachment-post-thumbnail size-post-thumbnail wp-post-image\" alt=\"\" style=\"object-fit:cover;\" srcset=\"https:\/\/lorcanerds.raumzeitlabor.de\/wp-content\/uploads\/2025\/04\/Teppich_Trim-scaled.jpg 2560w, https:\/\/lorcanerds.raumzeitlabor.de\/wp-content\/uploads\/2025\/04\/Teppich_Trim-300x169.jpg 300w, https:\/\/lorcanerds.raumzeitlabor.de\/wp-content\/uploads\/2025\/04\/Teppich_Trim-1024x576.jpg 1024w, https:\/\/lorcanerds.raumzeitlabor.de\/wp-content\/uploads\/2025\/04\/Teppich_Trim-768x432.jpg 768w, https:\/\/lorcanerds.raumzeitlabor.de\/wp-content\/uploads\/2025\/04\/Teppich_Trim-1536x864.jpg 1536w, https:\/\/lorcanerds.raumzeitlabor.de\/wp-content\/uploads\/2025\/04\/Teppich_Trim-2048x1152.jpg 2048w\" sizes=\"auto, (max-width: 2560px) 100vw, 2560px\" \/><\/figure>\n\n\n<p>Am 25. August 2024 veranstalteten wir das erste Themed Fun Deck Turnier in den R\u00e4umlichkeiten des RaumZeitLabor e.V. An diesem Tag sollte der Spa\u00df am Kartenspiel an erster Stelle stehen!<br>Auf den offiziellen Turnieren werden haupts\u00e4chlich starke Meta Decks gespielt. Dies hat oft den Nachteil, dass Karten, die einer Person gefallen, aber in der Meta nicht performen, nicht gespielt werden. Dieses Turnier wollte den Casual Ansatz von Lorcana in den Vordergrund r\u00fccken und die M\u00f6glichkeit bieten, jene Charaktere zu spielen die jemandem etwas bedeuten. Eventuell bist du ein totaler \u201eMickey Mouse and Friends Fan\u201c, w\u00fcrdest total gerne mal ein solches Deck spielen, aber leider gehen diese in der Meta unter. In diesem Format wollten wir euch genau den Raum f\u00fcr solche Decks bieten.<\/p>\n\n\n\n<p>Ein gro\u00dfes Highlight bei dieser Veranstaltung war unsere Button-Presse. Hiermit ist es m\u00f6glich aus Lorcana Boostern tolle Buttons zu erstellen. Nicht nur nachhaltig, sondern auch ein Upgrade f\u00fcr jeden Rucksack.<\/p>\n\n\n\n<h2 class=\"wp-block-heading\">Turnier-Regeln<\/h2>\n\n\n\n<p>Das Turnier wurde \u00fcber <a href=\"https:\/\/melee.gg\/Tournament\/View\/129804\" data-type=\"link\" data-id=\"https:\/\/melee.gg\/Tournament\/View\/258842\"><strong>melee.gg<\/strong> <\/a>getrackt.<br>Gespielt wurde das Turnier im BO3-Schweizer System \u00fcber 5 Runden.<br>Der Vorverkauf der Tickets erfolgte \u00fcber PreTix.<\/p>\n\n\n\n<h2 class=\"wp-block-heading\">Spezielle Deckbauregeln<\/h2>\n\n\n\n<ul class=\"wp-block-list\">\n<li>Ein Deck musste aus mindestens 60 Karten bestehen.<\/li>\n\n\n\n<li>Jedes Deck hatte eine frei w\u00e4hlbare Hauptfarbe. Aktionen, Lieder, Gegenst\u00e4nde und Orte durften nur von dieser Farbe gespielt werden.<\/li>\n\n\n\n<li>Alle anderen Farben waren erlaubt und es durften auch mehrere Farben gemischt werden.<\/li>\n\n\n\n<li>Decks durften mit so vielen Tintenfarben gespielt werden wie gew\u00fcnscht.<\/li>\n\n\n\n<li>Das Deck musste ein Thema haben: Beispiele: B\u00f6sewichte Deck, Micky Mouse Deck, Frozen Deck.<\/li>\n\n\n\n<li>Vor Turnierbeginn musste eine Deckliste abgegeben werden. Entweder als Online Link oder in ausgedruckter Form.<\/li>\n\n\n\n<li>Karten aus &#8220;Ursulas R\u00fcckkehr &#8211; Die Luminari Chroniken: Gefahr aus der Tiefe&#8221; waren nicht zugelassen.<\/li>\n<\/ul>\n\n\n\n<h2 class=\"wp-block-heading\">Verpflegung<\/h2>\n\n\n\n<ul class=\"wp-block-list\">\n<li>Chili sin LorCarne (vegan)<\/li>\n\n\n\n<li>RavensBurger<\/li>\n\n\n\n<li>Flotsam (vegan) and Jetsam Onigiri<\/li>\n\n\n\n<li>Stitch-Slush (vegan)<\/li>\n\n\n\n<li>Ursula-Slush (vegan)<\/li>\n\n\n\n<li>Sweetheart of Te Fiti (vegan)<\/li>\n<\/ul>\n\n\n\n<h2 class=\"wp-block-heading\">Preispool<\/h2>\n\n\n\n<h5 class=\"wp-block-heading\">Der Hauptpreis, ein DIY Lorcana Teppich, ging an die Person mit dem sch\u00f6nst thematisierten Deck.<\/h5>\n\n\n\n<figure class=\"wp-block-image aligncenter size-large is-resized\"><img loading=\"lazy\" decoding=\"async\" width=\"771\" height=\"1024\" src=\"https:\/\/lorcanerds.raumzeitlabor.de\/wp-content\/uploads\/2025\/04\/Teppich_fin-771x1024.jpg\" alt=\"\" class=\"wp-image-201\" style=\"width:508px;height:auto\" srcset=\"https:\/\/lorcanerds.raumzeitlabor.de\/wp-content\/uploads\/2025\/04\/Teppich_fin-771x1024.jpg 771w, https:\/\/lorcanerds.raumzeitlabor.de\/wp-content\/uploads\/2025\/04\/Teppich_fin-226x300.jpg 226w, https:\/\/lorcanerds.raumzeitlabor.de\/wp-content\/uploads\/2025\/04\/Teppich_fin-768x1020.jpg 768w, https:\/\/lorcanerds.raumzeitlabor.de\/wp-content\/uploads\/2025\/04\/Teppich_fin-1157x1536.jpg 1157w, https:\/\/lorcanerds.raumzeitlabor.de\/wp-content\/uploads\/2025\/04\/Teppich_fin-1542x2048.jpg 1542w, https:\/\/lorcanerds.raumzeitlabor.de\/wp-content\/uploads\/2025\/04\/Teppich_fin-scaled.jpg 1928w\" sizes=\"auto, (max-width: 771px) 100vw, 771px\" \/><\/figure>\n\n\n\n<h5 class=\"wp-block-heading\">1. Platz im Turnier: DIY Lorcana SnapBack<\/h5>\n\n\n\n<figure class=\"wp-block-image aligncenter size-large is-resized\"><img loading=\"lazy\" decoding=\"async\" width=\"1024\" height=\"1024\" src=\"https:\/\/lorcanerds.raumzeitlabor.de\/wp-content\/uploads\/2025\/04\/SnapBack-1-1024x1024.png\" alt=\"\" class=\"wp-image-203\" style=\"width:517px;height:auto\" srcset=\"https:\/\/lorcanerds.raumzeitlabor.de\/wp-content\/uploads\/2025\/04\/SnapBack-1-1024x1024.png 1024w, https:\/\/lorcanerds.raumzeitlabor.de\/wp-content\/uploads\/2025\/04\/SnapBack-1-300x300.png 300w, https:\/\/lorcanerds.raumzeitlabor.de\/wp-content\/uploads\/2025\/04\/SnapBack-1-150x150.png 150w, https:\/\/lorcanerds.raumzeitlabor.de\/wp-content\/uploads\/2025\/04\/SnapBack-1-768x768.png 768w, https:\/\/lorcanerds.raumzeitlabor.de\/wp-content\/uploads\/2025\/04\/SnapBack-1-1536x1536.png 1536w, https:\/\/lorcanerds.raumzeitlabor.de\/wp-content\/uploads\/2025\/04\/SnapBack-1.png 1984w\" sizes=\"auto, (max-width: 1024px) 100vw, 1024px\" \/><\/figure>\n\n\n\n<h2 class=\"wp-block-heading\">Meta-Breakdown<\/h2>\n\n\n\n<ul class=\"wp-block-list\">\n<li>Hercules: 2<\/li>\n\n\n\n<li>Snow White: 1<\/li>\n\n\n\n<li>Robin Hood: 1<\/li>\n\n\n\n<li>Alice in Wonderland: 1<\/li>\n\n\n\n<li>Villians: 1<\/li>\n\n\n\n<li>Mickey and Friends: 2<\/li>\n\n\n\n<li>Snow White and the Knights of Lorcana: 1<\/li>\n\n\n\n<li>Ariel&#8217;s World: 1<\/li>\n\n\n\n<li>Bauernhof: 2<\/li>\n\n\n\n<li>V\u00f6gel: 1<\/li>\n\n\n\n<li>&#8220;Besen in dein Fresen&#8221;: 1<\/li>\n<\/ul>\n\n\n\n<p><\/p>\n\n\n\n<details class=\"wp-block-details is-layout-flow wp-block-details-is-layout-flow\"><summary>Sieger Hauptpreis &#8211; &#8220;Gl\u00fcckszahl Sieben&#8221;<\/summary>\n<p><\/p>\n\n\n\n<figure class=\"wp-block-image size-large\"><img loading=\"lazy\" decoding=\"async\" width=\"1024\" height=\"617\" src=\"https:\/\/lorcanerds.raumzeitlabor.de\/wp-content\/uploads\/2025\/04\/Glueckszahl_Sieben-1024x617.png\" alt=\"\" class=\"wp-image-214\" srcset=\"https:\/\/lorcanerds.raumzeitlabor.de\/wp-content\/uploads\/2025\/04\/Glueckszahl_Sieben-1024x617.png 1024w, https:\/\/lorcanerds.raumzeitlabor.de\/wp-content\/uploads\/2025\/04\/Glueckszahl_Sieben-300x181.png 300w, https:\/\/lorcanerds.raumzeitlabor.de\/wp-content\/uploads\/2025\/04\/Glueckszahl_Sieben-768x463.png 768w, https:\/\/lorcanerds.raumzeitlabor.de\/wp-content\/uploads\/2025\/04\/Glueckszahl_Sieben-1536x926.png 1536w, https:\/\/lorcanerds.raumzeitlabor.de\/wp-content\/uploads\/2025\/04\/Glueckszahl_Sieben-2048x1234.png 2048w\" sizes=\"auto, (max-width: 1024px) 100vw, 1024px\" \/><\/figure>\n<\/details>\n\n\n\n<details class=\"wp-block-details is-layout-flow wp-block-details-is-layout-flow\"><summary>Turniersieger &#8211; &#8220;Robin auf die 1&#8221;<\/summary>\n<p><\/p>\n\n\n\n<figure class=\"wp-block-image size-large\"><img loading=\"lazy\" decoding=\"async\" width=\"1024\" height=\"461\" src=\"https:\/\/lorcanerds.raumzeitlabor.de\/wp-content\/uploads\/2025\/04\/Robin_auf_die_1-1024x461.png\" alt=\"\" class=\"wp-image-213\" srcset=\"https:\/\/lorcanerds.raumzeitlabor.de\/wp-content\/uploads\/2025\/04\/Robin_auf_die_1-1024x461.png 1024w, https:\/\/lorcanerds.raumzeitlabor.de\/wp-content\/uploads\/2025\/04\/Robin_auf_die_1-300x135.png 300w, https:\/\/lorcanerds.raumzeitlabor.de\/wp-content\/uploads\/2025\/04\/Robin_auf_die_1-768x345.png 768w, https:\/\/lorcanerds.raumzeitlabor.de\/wp-content\/uploads\/2025\/04\/Robin_auf_die_1-1536x691.png 1536w, https:\/\/lorcanerds.raumzeitlabor.de\/wp-content\/uploads\/2025\/04\/Robin_auf_die_1-2048x921.png 2048w\" sizes=\"auto, (max-width: 1024px) 100vw, 1024px\" \/><\/figure>\n<\/details>\n\n\n\n<h2 class=\"wp-block-heading\">R\u00fcckblick in Bildern<\/h2>\n\n\n\n<figure class=\"wp-block-gallery has-nested-images columns-default is-cropped wp-block-gallery-1 is-layout-flex wp-block-gallery-is-layout-flex\">\n<figure class=\"wp-block-image size-large\"><img loading=\"lazy\" decoding=\"async\" width=\"576\" height=\"1024\" data-id=\"209\" src=\"https:\/\/lorcanerds.raumzeitlabor.de\/wp-content\/uploads\/2025\/04\/PXL_20240825_084429042.MP_-576x1024.jpg\" alt=\"\" class=\"wp-image-209\" srcset=\"https:\/\/lorcanerds.raumzeitlabor.de\/wp-content\/uploads\/2025\/04\/PXL_20240825_084429042.MP_-576x1024.jpg 576w, https:\/\/lorcanerds.raumzeitlabor.de\/wp-content\/uploads\/2025\/04\/PXL_20240825_084429042.MP_-169x300.jpg 169w, https:\/\/lorcanerds.raumzeitlabor.de\/wp-content\/uploads\/2025\/04\/PXL_20240825_084429042.MP_-768x1365.jpg 768w, https:\/\/lorcanerds.raumzeitlabor.de\/wp-content\/uploads\/2025\/04\/PXL_20240825_084429042.MP_-864x1536.jpg 864w, https:\/\/lorcanerds.raumzeitlabor.de\/wp-content\/uploads\/2025\/04\/PXL_20240825_084429042.MP_-1152x2048.jpg 1152w, https:\/\/lorcanerds.raumzeitlabor.de\/wp-content\/uploads\/2025\/04\/PXL_20240825_084429042.MP_-scaled.jpg 1440w\" sizes=\"auto, (max-width: 576px) 100vw, 576px\" \/><\/figure>\n\n\n\n<figure class=\"wp-block-image size-large\"><img loading=\"lazy\" decoding=\"async\" width=\"1024\" height=\"576\" data-id=\"208\" src=\"https:\/\/lorcanerds.raumzeitlabor.de\/wp-content\/uploads\/2025\/04\/PXL_20240825_085215578.MP_-1024x576.jpg\" alt=\"\" class=\"wp-image-208\" srcset=\"https:\/\/lorcanerds.raumzeitlabor.de\/wp-content\/uploads\/2025\/04\/PXL_20240825_085215578.MP_-1024x576.jpg 1024w, https:\/\/lorcanerds.raumzeitlabor.de\/wp-content\/uploads\/2025\/04\/PXL_20240825_085215578.MP_-300x169.jpg 300w, https:\/\/lorcanerds.raumzeitlabor.de\/wp-content\/uploads\/2025\/04\/PXL_20240825_085215578.MP_-768x432.jpg 768w, https:\/\/lorcanerds.raumzeitlabor.de\/wp-content\/uploads\/2025\/04\/PXL_20240825_085215578.MP_-1536x864.jpg 1536w, https:\/\/lorcanerds.raumzeitlabor.de\/wp-content\/uploads\/2025\/04\/PXL_20240825_085215578.MP_-2048x1152.jpg 2048w\" sizes=\"auto, (max-width: 1024px) 100vw, 1024px\" \/><\/figure>\n\n\n\n<figure class=\"wp-block-image size-large\"><img loading=\"lazy\" decoding=\"async\" width=\"576\" height=\"1024\" data-id=\"210\" src=\"https:\/\/lorcanerds.raumzeitlabor.de\/wp-content\/uploads\/2025\/04\/PXL_20240825_091606197.MP_-576x1024.jpg\" alt=\"\" class=\"wp-image-210\" srcset=\"https:\/\/lorcanerds.raumzeitlabor.de\/wp-content\/uploads\/2025\/04\/PXL_20240825_091606197.MP_-576x1024.jpg 576w, https:\/\/lorcanerds.raumzeitlabor.de\/wp-content\/uploads\/2025\/04\/PXL_20240825_091606197.MP_-169x300.jpg 169w, https:\/\/lorcanerds.raumzeitlabor.de\/wp-content\/uploads\/2025\/04\/PXL_20240825_091606197.MP_-768x1365.jpg 768w, https:\/\/lorcanerds.raumzeitlabor.de\/wp-content\/uploads\/2025\/04\/PXL_20240825_091606197.MP_-864x1536.jpg 864w, https:\/\/lorcanerds.raumzeitlabor.de\/wp-content\/uploads\/2025\/04\/PXL_20240825_091606197.MP_-1152x2048.jpg 1152w, https:\/\/lorcanerds.raumzeitlabor.de\/wp-content\/uploads\/2025\/04\/PXL_20240825_091606197.MP_-scaled.jpg 1440w\" sizes=\"auto, (max-width: 576px) 100vw, 576px\" \/><\/figure>\n\n\n\n<figure class=\"wp-block-image size-large\"><img loading=\"lazy\" decoding=\"async\" width=\"771\" height=\"1024\" data-id=\"207\" src=\"https:\/\/lorcanerds.raumzeitlabor.de\/wp-content\/uploads\/2025\/04\/PXL_20240825_115803456-771x1024.jpg\" alt=\"\" class=\"wp-image-207\" srcset=\"https:\/\/lorcanerds.raumzeitlabor.de\/wp-content\/uploads\/2025\/04\/PXL_20240825_115803456-771x1024.jpg 771w, https:\/\/lorcanerds.raumzeitlabor.de\/wp-content\/uploads\/2025\/04\/PXL_20240825_115803456-226x300.jpg 226w, https:\/\/lorcanerds.raumzeitlabor.de\/wp-content\/uploads\/2025\/04\/PXL_20240825_115803456-768x1020.jpg 768w, https:\/\/lorcanerds.raumzeitlabor.de\/wp-content\/uploads\/2025\/04\/PXL_20240825_115803456-1157x1536.jpg 1157w, https:\/\/lorcanerds.raumzeitlabor.de\/wp-content\/uploads\/2025\/04\/PXL_20240825_115803456-1542x2048.jpg 1542w, https:\/\/lorcanerds.raumzeitlabor.de\/wp-content\/uploads\/2025\/04\/PXL_20240825_115803456-scaled.jpg 1928w\" sizes=\"auto, (max-width: 771px) 100vw, 771px\" \/><\/figure>\n\n\n\n<figure class=\"wp-block-image size-large\"><img loading=\"lazy\" decoding=\"async\" width=\"576\" height=\"1024\" data-id=\"205\" src=\"https:\/\/lorcanerds.raumzeitlabor.de\/wp-content\/uploads\/2025\/04\/PXL_20240825_135340544-576x1024.jpg\" alt=\"\" class=\"wp-image-205\" srcset=\"https:\/\/lorcanerds.raumzeitlabor.de\/wp-content\/uploads\/2025\/04\/PXL_20240825_135340544-576x1024.jpg 576w, https:\/\/lorcanerds.raumzeitlabor.de\/wp-content\/uploads\/2025\/04\/PXL_20240825_135340544-169x300.jpg 169w, https:\/\/lorcanerds.raumzeitlabor.de\/wp-content\/uploads\/2025\/04\/PXL_20240825_135340544-768x1365.jpg 768w, https:\/\/lorcanerds.raumzeitlabor.de\/wp-content\/uploads\/2025\/04\/PXL_20240825_135340544-864x1536.jpg 864w, https:\/\/lorcanerds.raumzeitlabor.de\/wp-content\/uploads\/2025\/04\/PXL_20240825_135340544-1152x2048.jpg 1152w, https:\/\/lorcanerds.raumzeitlabor.de\/wp-content\/uploads\/2025\/04\/PXL_20240825_135340544-scaled.jpg 1440w\" sizes=\"auto, (max-width: 576px) 100vw, 576px\" \/><\/figure>\n<\/figure>\n\n\n\n<figure class=\"wp-block-image size-large\"><img loading=\"lazy\" decoding=\"async\" width=\"1024\" height=\"771\" src=\"https:\/\/lorcanerds.raumzeitlabor.de\/wp-content\/uploads\/2025\/04\/PXL_20240825_115558970-1024x771.jpg\" alt=\"\" class=\"wp-image-206\" srcset=\"https:\/\/lorcanerds.raumzeitlabor.de\/wp-content\/uploads\/2025\/04\/PXL_20240825_115558970-1024x771.jpg 1024w, https:\/\/lorcanerds.raumzeitlabor.de\/wp-content\/uploads\/2025\/04\/PXL_20240825_115558970-300x226.jpg 300w, https:\/\/lorcanerds.raumzeitlabor.de\/wp-content\/uploads\/2025\/04\/PXL_20240825_115558970-768x578.jpg 768w, https:\/\/lorcanerds.raumzeitlabor.de\/wp-content\/uploads\/2025\/04\/PXL_20240825_115558970-1536x1157.jpg 1536w, https:\/\/lorcanerds.raumzeitlabor.de\/wp-content\/uploads\/2025\/04\/PXL_20240825_115558970-2048x1542.jpg 2048w\" sizes=\"auto, (max-width: 1024px) 100vw, 1024px\" \/><\/figure>\n\n\n\n<p><\/p>\n","protected":false},"excerpt":{"rendered":"<p>Am 25. August 2024 veranstalteten wir das erste Themed Fun Deck Turnier in den R\u00e4umlichkeiten des RaumZeitLabor e.V. An diesem Tag sollte der Spa\u00df am Kartenspiel an erster Stelle stehen!Auf den offiziellen Turnieren werden haupts\u00e4chlich starke Meta Decks gespielt. Dies hat oft den Nachteil, dass Karten, die einer Person gefallen, aber in der Meta nicht [&hellip;]<\/p>\n","protected":false},"author":2,"featured_media":200,"parent":49,"menu_order":0,"comment_status":"closed","ping_status":"closed","template":"","meta":{"inline_featured_image":false,"footnotes":""},"class_list":["post-99","page","type-page","status-publish","has-post-thumbnail","hentry"],"_links":{"self":[{"href":"https:\/\/lorcanerds.raumzeitlabor.de\/index.php?rest_route=\/wp\/v2\/pages\/99","targetHints":{"allow":["GET"]}}],"collection":[{"href":"https:\/\/lorcanerds.raumzeitlabor.de\/index.php?rest_route=\/wp\/v2\/pages"}],"about":[{"href":"https:\/\/lorcanerds.raumzeitlabor.de\/index.php?rest_route=\/wp\/v2\/types\/page"}],"author":[{"embeddable":true,"href":"https:\/\/lorcanerds.raumzeitlabor.de\/index.php?rest_route=\/wp\/v2\/users\/2"}],"replies":[{"embeddable":true,"href":"https:\/\/lorcanerds.raumzeitlabor.de\/index.php?rest_route=%2Fwp%2Fv2%2Fcomments&post=99"}],"version-history":[{"count":15,"href":"https:\/\/lorcanerds.raumzeitlabor.de\/index.php?rest_route=\/wp\/v2\/pages\/99\/revisions"}],"predecessor-version":[{"id":357,"href":"https:\/\/lorcanerds.raumzeitlabor.de\/index.php?rest_route=\/wp\/v2\/pages\/99\/revisions\/357"}],"up":[{"embeddable":true,"href":"https:\/\/lorcanerds.raumzeitlabor.de\/index.php?rest_route=\/wp\/v2\/pages\/49"}],"wp:featuredmedia":[{"embeddable":true,"href":"https:\/\/lorcanerds.raumzeitlabor.de\/index.php?rest_route=\/wp\/v2\/media\/200"}],"wp:attachment":[{"href":"https:\/\/lorcanerds.raumzeitlabor.de\/index.php?rest_route=%2Fwp%2Fv2%2Fmedia&parent=99"}],"curies":[{"name":"wp","href":"https:\/\/api.w.org\/{rel}","templated":true}]}}